False
Is 42 a factor of 7388?
False
Is 178 a multiple of 46?
False
Does 64 divide 128?
True
Is 95456 a multiple of 304?
True
Does 14 divide 24668?
True
Is 13 a factor of 54054?
True
Is 5 a factor of 303?
False
Does 48 divide 35856?
True
Is 7821 a multiple of 4?
False
Is 1100 a multiple of 22?
True
Is 3003 a multiple of 91?
True
Does 19 divide 133?
True
Is 357 a multiple of 17?
True
Is 6512 a multiple of 4?
True
Is 3 a factor of 102?
True
Is 10 a factor of 3335?
False
Is 1908 a multiple of 19?
False
Is 23 a factor of 3402?
False
Is 27 a factor of 1402?
False
Does 37 divide 6900?
False
Is 2884 a multiple of 68?
False
Does 18 divide 105966?
True
Does 10 divide 210?
True
Is 12 a factor of 564?
True
Does 11 divide 63361?
False
Is 5185 a multiple of 17?
True
Is 3 a factor of 4035?
True
Is 5 a factor of 525?
True
Is 4747 a multiple of 47?
True
Is 6258 a multiple of 14?
True
Does 17 divide 2346?
True
Is 818 a multiple of 161?
False
Is 2096 a multiple of 10?
False
Is 15 a factor of 54?
False
Is 1184 a multiple of 19?
False
Does 4 divide 3129?
False
Is 33 a multiple of 3?
True
Is 14100 a multiple of 188?
True
Is 352 a multiple of 16?
True
Does 99 divide 1282?
False
Is 1344 a multiple of 96?
True
Is 4 a factor of 117?
False
Is 1014 a multiple of 26?
True
Is 11826 a multiple of 73?
True
Does 23 divide 600?
False
Does 21 divide 6930?
True
Is 39433 a multiple of 15?
False
Is 2808 a multiple of 24?
True
Is 934 a multiple of 41?
False
Is 1346 a multiple of 173?
False
Does 100 divide 3100?
True
Does 18 divide 2727?
False
Is 41 a factor of 2385?
False
Does 142 divide 6652?
False
Does 82 divide 29438?
True
Is 478 a multiple of 6?
False
Is 19530 a multiple of 28?
False
Is 22281 a multiple of 101?
False
Is 20 a factor of 1701?
False
Is 15 a factor of 48450?
True
Is 3 a factor of 103?
False
Does 56 divide 106?
False
Is 814 a multiple of 2?
True
Does 3 divide 2373?
True
Does 37 divide 14519?
False
Is 38 a factor of 10094?
False
Does 93 divide 837?
True
Does 7 divide 1043?
True
Does 62 divide 992?
True
Is 18460 a multiple of 52?
True
Is 30 a factor of 525?
False
Does 136 divide 49232?
True
Does 29 divide 2145?
False
Does 23 divide 6427?
False
Is 1368 a multiple of 36?
True
Is 50 a factor of 1179?
False
Does 113 divide 7571?
True
Is 3306 a multiple of 38?
True
Does 97 divide 6021?
False
Is 18875 a multiple of 25?
True
Does 7 divide 2132?
False
Does 4 divide 167?
False
Is 3 a factor of 2085?
True
Is 58 a factor of 2818?
False
Does 51 divide 529?
False
Is 12 a factor of 1620?
True
Is 832 a multiple of 7?
False
Is 21 a factor of 714?
True
Is 56 a factor of 224?
True
Is 253 a multiple of 3?
False
Is 80 a multiple of 31?
False
Is 21 a factor of 200?
False
Does 24 divide 240?
True
Is 1040 a multiple of 15?
False
Is 48 a factor of 9312?
True
Is 869 a multiple of 37?
False
Is 10231 a multiple of 54?
False
Is 29510 a multiple of 26?
True
Is 93 a factor of 1116?
True
Does 90 divide 8200?
False
Does 35 divide 4305?
True
Does 26 divide 13036?
False
Is 17 a factor of 748?
True
Is 111203 a multiple of 27?
False
Is 7 a factor of 77?
True
Does 4 divide 3352?
True
Is 59 a factor of 8719?
False
Does 223 divide 15950?
False
Does 35 divide 545?
False
Is 69 a factor of 1104?
True
Is 6776 a multiple of 22?
True
Does 65 divide 126?
False
Is 53 a factor of 35535?
False
Is 61 a factor of 338?
False
Is 25 a factor of 1691?
False
Does 16 divide 64?
True
Is 9 a factor of 1331?
False
Does 4 divide 851?
False
Is 18 a factor of 5274?
True
Does 10 divide 18?
False
Is 13 a factor of 855?
False
Is 3771 a multiple of 5?
False
Does 20 divide 339?
False
Is 4356 a multiple of 198?
True
Is 22 a multiple of 11?
True
Is 4012 a multiple of 68?
True
Does 7 divide 1238?
False
Is 986 a multiple of 58?
True
Is 13 a factor of 1448?
False
Is 16 a factor of 800?
True
Is 3067 a multiple of 11?
False
Does 10 divide 1980?
True
Is 95824 a multiple of 8?
True
Does 44 divide 4884?
True
Is 3314 a multiple of 14?
False
Is 245 a factor of 75705?
True
Is 2 a factor of 93?
False
Does 31 divide 329?
False
Does 76 divide 1651?
False
Is 66 a factor of 726?
True
Does 70 divide 2091?
False
Is 6 a factor of 4656?
True
Is 12276 a multiple of 93?
True
Is 16 a factor of 23776?
True
Is 646 a multiple of 17?
True
Is 6 a factor of 93?
False
Is 459 a multiple of 51?
True
Is 32 a factor of 960?
True
Is 27 a factor of 447?
False
Does 22 divide 26554?
True
Is 2628 a multiple of 73?
True
Is 9 a factor of 387?
True
Does 6 divide 1480?
False
Does 111 divide 183459?
False
Does 22 divide 330?
True
Does 18 divide 11064?
False
Is 16670 a multiple of 75?
False
Does 194 divide 71586?
True
Does 24 divide 2352?
True
Does 267 divide 46992?
True
Does 13 divide 13?
True
Is 103936 a multiple of 128?
True
Is 151 a multiple of 11?
False
Is 26754 a multiple of 14?
True
Is 32 a multiple of 11?
False
Is 5 a factor of 5520?
True
Is 1080 a multiple of 30?
True
Is 530 a multiple of 31?
False
Is 81 a factor of 5126?
False
Is 17335 a multiple of 12?
False
Is 567 a multiple of 63?
True
Does 31 divide 146?
False
Is 16 a factor of 615?
False
Is 6 a factor of 20617?
False
Does 146 divide 35669?
False
Does 2 divide 506?
True
Is 6 a factor of 168?
True
Is 41370 a multiple of 70?
True
Is 117 a factor of 3579?
False
Is 37 a factor of 18685?
True
Is 936 a multiple of 6?
True
Does 95 divide 18240?
True
Is 2131 a multiple of 16?
False
Does 13 divide 11724?
False
Is 8 a factor of 9952?
True
Does 66 divide 47454?
True
Does 5 divide 395?
True
Is 23 a factor of 716?
False
Is 70 a multiple of 2?
True
Is 60 a factor of 51541?
False
Is 136576 a multiple of 8?
True
Is 34 a factor of 955?
False
Does 97 divide 28538?
False
Does 31 divide 312?
False
Is 8 a factor of 416?
True
Is 10 a factor of 2320?
True
Is 22 a factor of 638?
True
Does 40 divide 1354?
False
Is 8 a factor of 1335?
False
Is 4277 a multiple of 114?
False
Is 3 a factor of 47?
False
Does 19 divide 1311?
True
Is 4 a factor of 3176?
True
Is 30212 a multiple of 28?
True
Is 15 a factor of 24000?
True
Does 15 divide 877?
False
Is 3 a multiple of 2?
False
Is 51 a multiple of 8?
False
Is 6 a factor of 312?
True
Is 332 a multiple of 83?
True
Is 28 a factor of 585?
False
Is 25 a factor of 5211?
False
Does 59 divide 1629?
False
Does 59 divide 7787?
False
Does 17 divide 7781?
False
Is 30744 a multiple of 72?
True
Is 12 a factor of 1368?
True
Is 91 a factor of 1362?
False
Is 4 a factor of 298?
False
Is 33 a factor of 10659?
True
Does 4 divide 1304?
True
Is 81 a factor of 27783?
True
Is 30 a factor of 3600?
True
Does 67 divide 1072?
True
Is 13 a factor of 4670?
False
Is 69 a factor of 139?
False
Is 3 a factor of 136?
False
Is 1197 a multiple of 19?
True
Is 2296 a multiple of 8?
True
Is 6 a factor of 148?
False
Does 53 divide 10070?
True
Does 31 divide 3991?
False
Is 16 a factor of 22?
False
Is 294 a multiple of 11?
False
Is 9 a factor of 2046?
False
Is 1099 a multiple of 5?
False
Is 2 a factor of 2?
True
Is 693 a multiple of 21?
True
Does 10 divide 30?
True
Does 11 divide 69619?
True
Is 3184 a multiple of 11?
False
Is 180 a multiple of 15?
True
Is 64 a factor of 692?
False
Is 41 a factor of 1107?
True
Is 5464 a multiple of 46?
False
Is 103529 a multiple of 34?
False
Does 350 divide 14945?
False
Is 171 a factor of 50274?
True
Does 126 divide 6110?
False
Does 107 divide 1655?
False
Does 12 divide 9624?
True
Is 41 a factor of 127838?
True
Is 48 a factor of 768?
True
Is 1840 a multiple of 10?
True
Is 223 a multiple of 54?
False
Is 2038 a multiple of 28?
False
Is 199 a factor of 8756?
True
Is 3 a factor of 350?
False
Is 50438 a multiple of 9?
False
Is 8 a factor of 14442?
False
Does 24 divide 8112?
True
Does 46 divide 828?
True
Does 15 divide 2322?
False
Does 21 divide 1633?
False
Is 2382 a multiple of 40?
False
Is 159 a factor of 29144?
False
Is 6 a factor of 46?
False
Does 70 divide 3288?
False
Is 5 a factor of 8239?
False
Is 885 a multiple of 13?
False
Does 27 divide 5103?
True
Does 35 divide 420?
True
Is 12674 a multiple of 66?
False
Is 69 a factor of 1518?
True
Does 5 divide 1005?
True
Is 1651 a multiple of 9?
False
Is 13 a factor of 483?
False
Is 10 a factor of 550?
True
Is 9 a factor of 2716?
False
Does 159 divide 10494?
True
Is 16162 a multiple of 8?
False
Is 11 a factor of 4510?
True
Does 21 divide 667?
False
Does 46 divide 6041?